{"id":1411,"date":"2023-03-22T18:04:17","date_gmt":"2023-03-22T21:04:17","guid":{"rendered":"http:\/\/guarumaquinas.com.br\/?post_type=product&#038;p=1411"},"modified":"2024-11-13T13:45:56","modified_gmt":"2024-11-13T16:45:56","slug":"produto-3","status":"publish","type":"product","link":"https:\/\/guarumaquinas.com.br\/index.php\/produto\/produto-3\/","title":{"rendered":"Granulador Primot\u00e9cnica PGS 400"},"content":{"rendered":"<p>GRANULADOR PARA EXTRUSORA RECUPERADORA<\/p>\n<p>Fabricante: Primot\u00e9cnica<\/p>\n<p>Modelo: PGS 400<\/p>\n<p>Pot\u00eancia: 30 CV<\/p>\n<p>Largura \u00fatil de trabalho: 400mm<\/p>\n<p>Quantidade m\u00e1xima de fios:<\/p>\n<p>2mm &#8211; 90 fios<\/p>\n<p>3mm &#8211; 70 fios<\/p>\n<p>4mm &#8211; 60 fios<\/p>\n<p>5mm &#8211; 40 fios<\/p>\n<p>Produ\u00e7\u00e3o m\u00e1xima: 1000kg\/HR varia do di\u00e2metro do espaguete e velocidade da maquina.<\/p>\n","protected":false},"excerpt":{"rendered":"<p>GRANULADOR PARA EXTRUSORA RECUPERADORA Fabricante: Primot\u00e9cnica Modelo: PGS 400 Pot\u00eancia: 30 CV Largura \u00fatil de trabalho: 400mm Quantidade m\u00e1xima de fios: 2mm &#8211; 90 fios 3mm &#8211; 70 fios 4mm &#8211; 60 fios 5mm &#8211; 40 fios Produ\u00e7\u00e3o m\u00e1xima: 1000kg\/HR varia do di\u00e2metro do espaguete e velocidade da maquina.<\/p>\n","protected":false},"featured_media":1702,"comment_status":"open","ping_status":"closed","template":"","meta":{"site-sidebar-layout":"default","site-content-layout":"default","ast-global-header-display":"","ast-main-header-display":"","ast-hfb-above-header-display":"","ast-hfb-below-header-display":"","ast-hfb-mobile-header-display":"","site-post-title":"","ast-breadcrumbs-content":"","ast-featured-img":"","footer-sml-layout":"","theme-transparent-header-meta":"default","adv-header-id-meta":"","stick-header-meta":"","header-above-stick-meta":"","header-main-stick-meta":"","header-below-stick-meta":""},"product_cat":[48],"product_tag":[],"class_list":["post-1411","product","type-product","status-publish","has-post-thumbnail","hentry","product_cat-granuladores","desktop-align-left","tablet-align-left","mobile-align-left"],"_links":{"self":[{"href":"https:\/\/guarumaquinas.com.br\/index.php\/wp-json\/wp\/v2\/product\/1411","targetHints":{"allow":["GET"]}}],"collection":[{"href":"https:\/\/guarumaquinas.com.br\/index.php\/wp-json\/wp\/v2\/product"}],"about":[{"href":"https:\/\/guarumaquinas.com.br\/index.php\/wp-json\/wp\/v2\/types\/product"}],"replies":[{"embeddable":true,"href":"https:\/\/guarumaquinas.com.br\/index.php\/wp-json\/wp\/v2\/comments?post=1411"}],"wp:featuredmedia":[{"embeddable":true,"href":"https:\/\/guarumaquinas.com.br\/index.php\/wp-json\/wp\/v2\/media\/1702"}],"wp:attachment":[{"href":"https:\/\/guarumaquinas.com.br\/index.php\/wp-json\/wp\/v2\/media?parent=1411"}],"wp:term":[{"taxonomy":"product_cat","embeddable":true,"href":"https:\/\/guarumaquinas.com.br\/index.php\/wp-json\/wp\/v2\/product_cat?post=1411"},{"taxonomy":"product_tag","embeddable":true,"href":"https:\/\/guarumaquinas.com.br\/index.php\/wp-json\/wp\/v2\/product_tag?post=1411"}],"curies":[{"name":"wp","href":"https:\/\/api.w.org\/{rel}","templated":true}]}}