{"id":2547,"date":"2023-04-12T12:16:35","date_gmt":"2023-04-12T15:16:35","guid":{"rendered":"https:\/\/guarumaquinas.com.br\/?post_type=product&#038;p=2547"},"modified":"2024-11-13T14:31:54","modified_gmt":"2024-11-13T17:31:54","slug":"motoredutor-sew-05-cv","status":"publish","type":"product","link":"https:\/\/guarumaquinas.com.br\/index.php\/produto\/motoredutor-sew-05-cv\/","title":{"rendered":"Motoredutor SEW 0,5 CV"},"content":{"rendered":"<p>MOTOREDUTOR DE VELOCIDADE<\/p>\n<p>Marca: Sew &#8211; Eurodrive<\/p>\n<p>Motor: 0,5 CV<\/p>\n<p>Rota\u00e7\u00e3o: 1700 rpm<\/p>\n<p>Tens\u00e3o: 220\/380 V<\/p>\n<p>Redu\u00e7\u00e3o: 1:19,5<\/p>\n<p>Ip: 55 ( aprova de respingos e jatos de \u00e1gua )<\/p>\n<p>Peso: 9 kg<\/p>\n<p>2 unidades dispon\u00edveis<\/p>\n","protected":false},"excerpt":{"rendered":"<p>MOTOREDUTOR DE VELOCIDADE Marca: Sew &#8211; Eurodrive Motor: 0,5 CV Rota\u00e7\u00e3o: 1700 rpm Tens\u00e3o: 220\/380 V Redu\u00e7\u00e3o: 1:19,5 Ip: 55 ( aprova de respingos e jatos de \u00e1gua ) Peso: 9 kg 2 unidades dispon\u00edveis<\/p>\n","protected":false},"featured_media":2473,"comment_status":"open","ping_status":"closed","template":"","meta":{"site-sidebar-layout":"default","site-content-layout":"default","ast-global-header-display":"","ast-main-header-display":"","ast-hfb-above-header-display":"","ast-hfb-below-header-display":"","ast-hfb-mobile-header-display":"","site-post-title":"","ast-breadcrumbs-content":"","ast-featured-img":"","footer-sml-layout":"","theme-transparent-header-meta":"default","adv-header-id-meta":"","stick-header-meta":"","header-above-stick-meta":"","header-main-stick-meta":"","header-below-stick-meta":""},"product_cat":[23,29],"product_tag":[],"class_list":["post-2547","product","type-product","status-publish","has-post-thumbnail","hentry","product_cat-motores","product_cat-redutores","desktop-align-left","tablet-align-left","mobile-align-left"],"_links":{"self":[{"href":"https:\/\/guarumaquinas.com.br\/index.php\/wp-json\/wp\/v2\/product\/2547","targetHints":{"allow":["GET"]}}],"collection":[{"href":"https:\/\/guarumaquinas.com.br\/index.php\/wp-json\/wp\/v2\/product"}],"about":[{"href":"https:\/\/guarumaquinas.com.br\/index.php\/wp-json\/wp\/v2\/types\/product"}],"replies":[{"embeddable":true,"href":"https:\/\/guarumaquinas.com.br\/index.php\/wp-json\/wp\/v2\/comments?post=2547"}],"wp:featuredmedia":[{"embeddable":true,"href":"https:\/\/guarumaquinas.com.br\/index.php\/wp-json\/wp\/v2\/media\/2473"}],"wp:attachment":[{"href":"https:\/\/guarumaquinas.com.br\/index.php\/wp-json\/wp\/v2\/media?parent=2547"}],"wp:term":[{"taxonomy":"product_cat","embeddable":true,"href":"https:\/\/guarumaquinas.com.br\/index.php\/wp-json\/wp\/v2\/product_cat?post=2547"},{"taxonomy":"product_tag","embeddable":true,"href":"https:\/\/guarumaquinas.com.br\/index.php\/wp-json\/wp\/v2\/product_tag?post=2547"}],"curies":[{"name":"wp","href":"https:\/\/api.w.org\/{rel}","templated":true}]}}