{"id":2644,"date":"2023-05-04T10:50:20","date_gmt":"2023-05-04T13:50:20","guid":{"rendered":"https:\/\/guarumaquinas.com.br\/?post_type=product&#038;p=2644"},"modified":"2024-11-13T14:07:31","modified_gmt":"2024-11-13T17:07:31","slug":"canhao-e-rosca-125-mm-romi","status":"publish","type":"product","link":"https:\/\/guarumaquinas.com.br\/index.php\/produto\/canhao-e-rosca-125-mm-romi\/","title":{"rendered":"Conjunto 125 mm Injetora Romi"},"content":{"rendered":"<p>CONJUNTO 125 MM INJETORA ROMI<\/p>\n<p>Canh\u00e3o e rosca 125 mm injetora Romi 800 a 1000 toneladas<\/p>\n<p>Rosca foi retificada e ajustada no canh\u00e3o<\/p>\n<p>Comprimento total rosca : 3395 mm<\/p>\n<p>Comprimento da rosca sem o punho : 2690 mm<\/p>\n<p>Di\u00e2metro do entalhe do punho da rosca : 125 mm<\/p>\n<p>Comprimento total do canh\u00e3o : 3235 mm<\/p>\n<p>Di\u00e2metro interno canh\u00e3o : 126 mm<\/p>\n<p>Di\u00e2metro externo canh\u00e3o : 290 mm<\/p>\n","protected":false},"excerpt":{"rendered":"<p>CONJUNTO 125 MM INJETORA ROMI Canh\u00e3o e rosca 125 mm injetora Romi 800 a 1000 toneladas Rosca foi retificada e ajustada no canh\u00e3o Comprimento total rosca : 3395 mm Comprimento da rosca sem o punho : 2690 mm Di\u00e2metro do entalhe do punho da rosca : 125 mm Comprimento total do canh\u00e3o : 3235 mm &hellip;<\/p>\n<p class=\"read-more\"> <a class=\"\" href=\"https:\/\/guarumaquinas.com.br\/index.php\/produto\/canhao-e-rosca-125-mm-romi\/\"> <span class=\"screen-reader-text\">Conjunto 125 mm Injetora Romi<\/span> Leia mais &raquo;<\/a><\/p>\n","protected":false},"featured_media":2574,"comment_status":"open","ping_status":"closed","template":"","meta":{"site-sidebar-layout":"default","site-content-layout":"default","ast-global-header-display":"","ast-main-header-display":"","ast-hfb-above-header-display":"","ast-hfb-below-header-display":"","ast-hfb-mobile-header-display":"","site-post-title":"","ast-breadcrumbs-content":"","ast-featured-img":"","footer-sml-layout":"","theme-transparent-header-meta":"default","adv-header-id-meta":"","stick-header-meta":"","header-above-stick-meta":"","header-main-stick-meta":"","header-below-stick-meta":""},"product_cat":[47],"product_tag":[],"class_list":["post-2644","product","type-product","status-publish","has-post-thumbnail","hentry","product_cat-canhaoerosca","desktop-align-left","tablet-align-left","mobile-align-left"],"_links":{"self":[{"href":"https:\/\/guarumaquinas.com.br\/index.php\/wp-json\/wp\/v2\/product\/2644","targetHints":{"allow":["GET"]}}],"collection":[{"href":"https:\/\/guarumaquinas.com.br\/index.php\/wp-json\/wp\/v2\/product"}],"about":[{"href":"https:\/\/guarumaquinas.com.br\/index.php\/wp-json\/wp\/v2\/types\/product"}],"replies":[{"embeddable":true,"href":"https:\/\/guarumaquinas.com.br\/index.php\/wp-json\/wp\/v2\/comments?post=2644"}],"wp:featuredmedia":[{"embeddable":true,"href":"https:\/\/guarumaquinas.com.br\/index.php\/wp-json\/wp\/v2\/media\/2574"}],"wp:attachment":[{"href":"https:\/\/guarumaquinas.com.br\/index.php\/wp-json\/wp\/v2\/media?parent=2644"}],"wp:term":[{"taxonomy":"product_cat","embeddable":true,"href":"https:\/\/guarumaquinas.com.br\/index.php\/wp-json\/wp\/v2\/product_cat?post=2644"},{"taxonomy":"product_tag","embeddable":true,"href":"https:\/\/guarumaquinas.com.br\/index.php\/wp-json\/wp\/v2\/product_tag?post=2644"}],"curies":[{"name":"wp","href":"https:\/\/api.w.org\/{rel}","templated":true}]}}