{"id":2804,"date":"2024-04-02T00:29:46","date_gmt":"2024-04-02T03:29:46","guid":{"rendered":"https:\/\/guarumaquinas.com.br\/?post_type=product&#038;p=2804"},"modified":"2025-12-15T22:25:30","modified_gmt":"2025-12-16T01:25:30","slug":"cabecote-troca-tela-85-mm","status":"publish","type":"product","link":"https:\/\/guarumaquinas.com.br\/index.php\/produto\/cabecote-troca-tela-85-mm\/","title":{"rendered":"Cabe\u00e7ote Troca Tela 85 mm"},"content":{"rendered":"<p>CABE\u00c7OTE TROCA TELA PARA EXTRUSORA<\/p>\n<p>Tela 85 mm de di\u00e2metro<\/p>\n<p>Sem unidade hidr\u00e1ulica<\/p>\n<p>Sem ponteira ( l\u00e1bio ) para sair o macarr\u00e3o<\/p>\n","protected":false},"excerpt":{"rendered":"<p>CABE\u00c7OTE TROCA TELA PARA EXTRUSORA Tela 85 mm de di\u00e2metro Sem unidade hidr\u00e1ulica Sem ponteira ( l\u00e1bio ) para sair o macarr\u00e3o<\/p>\n","protected":false},"featured_media":2809,"comment_status":"open","ping_status":"closed","template":"","meta":{"site-sidebar-layout":"default","site-content-layout":"default","ast-global-header-display":"","ast-main-header-display":"","ast-hfb-above-header-display":"","ast-hfb-below-header-display":"","ast-hfb-mobile-header-display":"","site-post-title":"","ast-breadcrumbs-content":"","ast-featured-img":"","footer-sml-layout":"","theme-transparent-header-meta":"default","adv-header-id-meta":"","stick-header-meta":"","header-above-stick-meta":"","header-main-stick-meta":"","header-below-stick-meta":""},"product_cat":[49],"product_tag":[],"class_list":["post-2804","product","type-product","status-publish","has-post-thumbnail","hentry","product_cat-perifericos","desktop-align-left","tablet-align-left","mobile-align-left"],"_links":{"self":[{"href":"https:\/\/guarumaquinas.com.br\/index.php\/wp-json\/wp\/v2\/product\/2804","targetHints":{"allow":["GET"]}}],"collection":[{"href":"https:\/\/guarumaquinas.com.br\/index.php\/wp-json\/wp\/v2\/product"}],"about":[{"href":"https:\/\/guarumaquinas.com.br\/index.php\/wp-json\/wp\/v2\/types\/product"}],"replies":[{"embeddable":true,"href":"https:\/\/guarumaquinas.com.br\/index.php\/wp-json\/wp\/v2\/comments?post=2804"}],"wp:featuredmedia":[{"embeddable":true,"href":"https:\/\/guarumaquinas.com.br\/index.php\/wp-json\/wp\/v2\/media\/2809"}],"wp:attachment":[{"href":"https:\/\/guarumaquinas.com.br\/index.php\/wp-json\/wp\/v2\/media?parent=2804"}],"wp:term":[{"taxonomy":"product_cat","embeddable":true,"href":"https:\/\/guarumaquinas.com.br\/index.php\/wp-json\/wp\/v2\/product_cat?post=2804"},{"taxonomy":"product_tag","embeddable":true,"href":"https:\/\/guarumaquinas.com.br\/index.php\/wp-json\/wp\/v2\/product_tag?post=2804"}],"curies":[{"name":"wp","href":"https:\/\/api.w.org\/{rel}","templated":true}]}}