{"id":3141,"date":"2024-11-24T15:31:38","date_gmt":"2024-11-24T18:31:38","guid":{"rendered":"https:\/\/guarumaquinas.com.br\/?post_type=product&#038;p=3141"},"modified":"2024-11-24T15:31:59","modified_gmt":"2024-11-24T18:31:59","slug":"3141","status":"publish","type":"product","link":"https:\/\/guarumaquinas.com.br\/index.php\/produto\/3141\/","title":{"rendered":"Moinho Martelo 250 mm"},"content":{"rendered":"<p>MOINHO MARTELO PARA PE\u00c7AS R\u00cdGIDAS<\/p>\n<p>Moinho Martelo<\/p>\n<p>Caixa de moagem : 250 x 250 mm<\/p>\n<p>Motor trif\u00e1sico : 5 cv 1720 rpm 220\/380 v<\/p>\n<p>Rota\u00e7\u00e3o rotor : 3500 rpm<\/p>\n<p>Total de martelo : 30 martelos<\/p>\n<p>Espessura martelo : 5.5 mm<\/p>\n<p>Comprimento martelo : 81\u00a0 mm<\/p>\n<p>Largura martelo : 30 mm<\/p>\n<p>Tela peneira : furo de 3\/16 = 4.76 mm<\/p>\n","protected":false},"excerpt":{"rendered":"<p>MOINHO MARTELO PARA PE\u00c7AS R\u00cdGIDAS Moinho Martelo Caixa de moagem : 250 x 250 mm Motor trif\u00e1sico : 5 cv 1720 rpm 220\/380 v Rota\u00e7\u00e3o rotor : 3500 rpm Total de martelo : 30 martelos Espessura martelo : 5.5 mm Comprimento martelo : 81\u00a0 mm Largura martelo : 30 mm Tela peneira : furo de &hellip;<\/p>\n<p class=\"read-more\"> <a class=\"\" href=\"https:\/\/guarumaquinas.com.br\/index.php\/produto\/3141\/\"> <span class=\"screen-reader-text\">Moinho Martelo 250 mm<\/span> Leia mais &raquo;<\/a><\/p>\n","protected":false},"featured_media":3143,"comment_status":"open","ping_status":"closed","template":"","meta":{"site-sidebar-layout":"default","site-content-layout":"default","ast-global-header-display":"","ast-main-header-display":"","ast-hfb-above-header-display":"","ast-hfb-below-header-display":"","ast-hfb-mobile-header-display":"","site-post-title":"","ast-breadcrumbs-content":"","ast-featured-img":"","footer-sml-layout":"","theme-transparent-header-meta":"default","adv-header-id-meta":"","stick-header-meta":"","header-above-stick-meta":"","header-main-stick-meta":"","header-below-stick-meta":""},"product_cat":[28],"product_tag":[],"class_list":["post-3141","product","type-product","status-publish","has-post-thumbnail","hentry","product_cat-moinhos","desktop-align-left","tablet-align-left","mobile-align-left"],"_links":{"self":[{"href":"https:\/\/guarumaquinas.com.br\/index.php\/wp-json\/wp\/v2\/product\/3141","targetHints":{"allow":["GET"]}}],"collection":[{"href":"https:\/\/guarumaquinas.com.br\/index.php\/wp-json\/wp\/v2\/product"}],"about":[{"href":"https:\/\/guarumaquinas.com.br\/index.php\/wp-json\/wp\/v2\/types\/product"}],"replies":[{"embeddable":true,"href":"https:\/\/guarumaquinas.com.br\/index.php\/wp-json\/wp\/v2\/comments?post=3141"}],"wp:featuredmedia":[{"embeddable":true,"href":"https:\/\/guarumaquinas.com.br\/index.php\/wp-json\/wp\/v2\/media\/3143"}],"wp:attachment":[{"href":"https:\/\/guarumaquinas.com.br\/index.php\/wp-json\/wp\/v2\/media?parent=3141"}],"wp:term":[{"taxonomy":"product_cat","embeddable":true,"href":"https:\/\/guarumaquinas.com.br\/index.php\/wp-json\/wp\/v2\/product_cat?post=3141"},{"taxonomy":"product_tag","embeddable":true,"href":"https:\/\/guarumaquinas.com.br\/index.php\/wp-json\/wp\/v2\/product_tag?post=3141"}],"curies":[{"name":"wp","href":"https:\/\/api.w.org\/{rel}","templated":true}]}}