{"id":3239,"date":"2025-04-10T13:02:27","date_gmt":"2025-04-10T16:02:27","guid":{"rendered":"https:\/\/guarumaquinas.com.br\/?post_type=product&#038;p=3239"},"modified":"2025-04-10T13:02:28","modified_gmt":"2025-04-10T16:02:28","slug":"cortador-de-tubete-de-papelao","status":"publish","type":"product","link":"https:\/\/guarumaquinas.com.br\/index.php\/produto\/cortador-de-tubete-de-papelao\/","title":{"rendered":"Cortador de Tubete de Papel\u00e3o"},"content":{"rendered":"<p>CORTADOR DE TUBETE<\/p>\n<p>Fabricante : Keil<\/p>\n<p>Origem : Alemanha<\/p>\n<p>Fabrica\u00e7\u00e3o : 1978<\/p>\n<p>Pot\u00eancia : 0.25 kw<\/p>\n<p>&nbsp;<\/p>\n","protected":false},"excerpt":{"rendered":"<p>CORTADOR DE TUBETE Fabricante : Keil Origem : Alemanha Fabrica\u00e7\u00e3o : 1978 Pot\u00eancia : 0.25 kw &nbsp;<\/p>\n","protected":false},"featured_media":3240,"comment_status":"open","ping_status":"closed","template":"","meta":{"site-sidebar-layout":"default","site-content-layout":"default","ast-global-header-display":"","ast-main-header-display":"","ast-hfb-above-header-display":"","ast-hfb-below-header-display":"","ast-hfb-mobile-header-display":"","site-post-title":"","ast-breadcrumbs-content":"","ast-featured-img":"","footer-sml-layout":"","theme-transparent-header-meta":"default","adv-header-id-meta":"","stick-header-meta":"","header-above-stick-meta":"","header-main-stick-meta":"","header-below-stick-meta":""},"product_cat":[50],"product_tag":[],"class_list":["post-3239","product","type-product","status-publish","has-post-thumbnail","hentry","product_cat-maquinas-diversas","desktop-align-left","tablet-align-left","mobile-align-left"],"_links":{"self":[{"href":"https:\/\/guarumaquinas.com.br\/index.php\/wp-json\/wp\/v2\/product\/3239","targetHints":{"allow":["GET"]}}],"collection":[{"href":"https:\/\/guarumaquinas.com.br\/index.php\/wp-json\/wp\/v2\/product"}],"about":[{"href":"https:\/\/guarumaquinas.com.br\/index.php\/wp-json\/wp\/v2\/types\/product"}],"replies":[{"embeddable":true,"href":"https:\/\/guarumaquinas.com.br\/index.php\/wp-json\/wp\/v2\/comments?post=3239"}],"wp:featuredmedia":[{"embeddable":true,"href":"https:\/\/guarumaquinas.com.br\/index.php\/wp-json\/wp\/v2\/media\/3240"}],"wp:attachment":[{"href":"https:\/\/guarumaquinas.com.br\/index.php\/wp-json\/wp\/v2\/media?parent=3239"}],"wp:term":[{"taxonomy":"product_cat","embeddable":true,"href":"https:\/\/guarumaquinas.com.br\/index.php\/wp-json\/wp\/v2\/product_cat?post=3239"},{"taxonomy":"product_tag","embeddable":true,"href":"https:\/\/guarumaquinas.com.br\/index.php\/wp-json\/wp\/v2\/product_tag?post=3239"}],"curies":[{"name":"wp","href":"https:\/\/api.w.org\/{rel}","templated":true}]}}