{"id":3294,"date":"2025-07-09T16:15:52","date_gmt":"2025-07-09T19:15:52","guid":{"rendered":"https:\/\/guarumaquinas.com.br\/?post_type=product&#038;p=3294"},"modified":"2025-07-09T16:15:53","modified_gmt":"2025-07-09T19:15:53","slug":"granulador-bgm-300-mm","status":"publish","type":"product","link":"https:\/\/guarumaquinas.com.br\/index.php\/produto\/granulador-bgm-300-mm\/","title":{"rendered":"Granulador BGM 300 mm"},"content":{"rendered":"<p>Fabricante: BGM<\/p>\n<p>Modelo: POP 300<\/p>\n<p>Fabrica\u00e7\u00e3o: 20\/04\/09<\/p>\n<p>Rotor de 300 mm afiado<\/p>\n<p>Pist\u00f5es pneum\u00e1ticos novos<\/p>\n<p>Cilindro de borracha retificado<\/p>\n<p>Cilindro guia fio novo at\u00e9 30 fios<\/p>\n<p>Pot\u00eancia: 6 cv &#8211; 1740 rpm &#8211; trif\u00e1sico<\/p>\n<p>Produ\u00e7\u00e3o : 500 kg\/hora<\/p>\n","protected":false},"excerpt":{"rendered":"<p>Fabricante: BGM Modelo: POP 300 Fabrica\u00e7\u00e3o: 20\/04\/09 Rotor de 300 mm afiado Pist\u00f5es pneum\u00e1ticos novos Cilindro de borracha retificado Cilindro guia fio novo at\u00e9 30 fios Pot\u00eancia: 6 cv &#8211; 1740 rpm &#8211; trif\u00e1sico Produ\u00e7\u00e3o : 500 kg\/hora<\/p>\n","protected":false},"featured_media":3301,"comment_status":"open","ping_status":"closed","template":"","meta":{"site-sidebar-layout":"default","site-content-layout":"default","ast-global-header-display":"","ast-main-header-display":"","ast-hfb-above-header-display":"","ast-hfb-below-header-display":"","ast-hfb-mobile-header-display":"","site-post-title":"","ast-breadcrumbs-content":"","ast-featured-img":"","footer-sml-layout":"","theme-transparent-header-meta":"default","adv-header-id-meta":"","stick-header-meta":"","header-above-stick-meta":"","header-main-stick-meta":"","header-below-stick-meta":""},"product_cat":[48],"product_tag":[],"class_list":["post-3294","product","type-product","status-publish","has-post-thumbnail","hentry","product_cat-granuladores","desktop-align-left","tablet-align-left","mobile-align-left"],"_links":{"self":[{"href":"https:\/\/guarumaquinas.com.br\/index.php\/wp-json\/wp\/v2\/product\/3294","targetHints":{"allow":["GET"]}}],"collection":[{"href":"https:\/\/guarumaquinas.com.br\/index.php\/wp-json\/wp\/v2\/product"}],"about":[{"href":"https:\/\/guarumaquinas.com.br\/index.php\/wp-json\/wp\/v2\/types\/product"}],"replies":[{"embeddable":true,"href":"https:\/\/guarumaquinas.com.br\/index.php\/wp-json\/wp\/v2\/comments?post=3294"}],"wp:featuredmedia":[{"embeddable":true,"href":"https:\/\/guarumaquinas.com.br\/index.php\/wp-json\/wp\/v2\/media\/3301"}],"wp:attachment":[{"href":"https:\/\/guarumaquinas.com.br\/index.php\/wp-json\/wp\/v2\/media?parent=3294"}],"wp:term":[{"taxonomy":"product_cat","embeddable":true,"href":"https:\/\/guarumaquinas.com.br\/index.php\/wp-json\/wp\/v2\/product_cat?post=3294"},{"taxonomy":"product_tag","embeddable":true,"href":"https:\/\/guarumaquinas.com.br\/index.php\/wp-json\/wp\/v2\/product_tag?post=3294"}],"curies":[{"name":"wp","href":"https:\/\/api.w.org\/{rel}","templated":true}]}}