{"id":3884,"date":"2025-12-18T14:15:20","date_gmt":"2025-12-18T17:15:20","guid":{"rendered":"https:\/\/guarumaquinas.com.br\/?post_type=product&#038;p=3884"},"modified":"2025-12-18T14:15:20","modified_gmt":"2025-12-18T17:15:20","slug":"ensacadeira-perfor","status":"publish","type":"product","link":"https:\/\/guarumaquinas.com.br\/index.php\/produto\/ensacadeira-perfor\/","title":{"rendered":"Ensacadeira Perfor"},"content":{"rendered":"<p>ENSACADEIRA PERFOR<\/p>\n<p>Ensacadeira para saco valvulado<\/p>\n<p>Fabricante : PERFOR<\/p>\n<p>Modelo : 100240 001<\/p>\n<p>Capacidade : 25 kg a 4 unidades por minuto<\/p>\n<p>Fabrica\u00e7\u00e3o 2018<\/p>\n<p>2 unidades dispon\u00edveis<\/p>\n","protected":false},"excerpt":{"rendered":"<p>ENSACADEIRA PERFOR Ensacadeira para saco valvulado Fabricante : PERFOR Modelo : 100240 001 Capacidade : 25 kg a 4 unidades por minuto Fabrica\u00e7\u00e3o 2018 2 unidades dispon\u00edveis<\/p>\n","protected":false},"featured_media":3888,"comment_status":"open","ping_status":"closed","template":"","meta":{"site-sidebar-layout":"default","site-content-layout":"default","ast-global-header-display":"","ast-main-header-display":"","ast-hfb-above-header-display":"","ast-hfb-below-header-display":"","ast-hfb-mobile-header-display":"","site-post-title":"","ast-breadcrumbs-content":"","ast-featured-img":"","footer-sml-layout":"","theme-transparent-header-meta":"default","adv-header-id-meta":"","stick-header-meta":"","header-above-stick-meta":"","header-main-stick-meta":"","header-below-stick-meta":""},"product_cat":[50],"product_tag":[],"class_list":["post-3884","product","type-product","status-publish","has-post-thumbnail","hentry","product_cat-maquinas-diversas","desktop-align-left","tablet-align-left","mobile-align-left"],"_links":{"self":[{"href":"https:\/\/guarumaquinas.com.br\/index.php\/wp-json\/wp\/v2\/product\/3884","targetHints":{"allow":["GET"]}}],"collection":[{"href":"https:\/\/guarumaquinas.com.br\/index.php\/wp-json\/wp\/v2\/product"}],"about":[{"href":"https:\/\/guarumaquinas.com.br\/index.php\/wp-json\/wp\/v2\/types\/product"}],"replies":[{"embeddable":true,"href":"https:\/\/guarumaquinas.com.br\/index.php\/wp-json\/wp\/v2\/comments?post=3884"}],"wp:featuredmedia":[{"embeddable":true,"href":"https:\/\/guarumaquinas.com.br\/index.php\/wp-json\/wp\/v2\/media\/3888"}],"wp:attachment":[{"href":"https:\/\/guarumaquinas.com.br\/index.php\/wp-json\/wp\/v2\/media?parent=3884"}],"wp:term":[{"taxonomy":"product_cat","embeddable":true,"href":"https:\/\/guarumaquinas.com.br\/index.php\/wp-json\/wp\/v2\/product_cat?post=3884"},{"taxonomy":"product_tag","embeddable":true,"href":"https:\/\/guarumaquinas.com.br\/index.php\/wp-json\/wp\/v2\/product_tag?post=3884"}],"curies":[{"name":"wp","href":"https:\/\/api.w.org\/{rel}","templated":true}]}}