{"id":3896,"date":"2025-12-18T14:52:35","date_gmt":"2025-12-18T17:52:35","guid":{"rendered":"https:\/\/guarumaquinas.com.br\/?post_type=product&#038;p=3896"},"modified":"2025-12-18T14:52:36","modified_gmt":"2025-12-18T17:52:36","slug":"chiller-mecalor-60-mil-kcal","status":"publish","type":"product","link":"https:\/\/guarumaquinas.com.br\/index.php\/produto\/chiller-mecalor-60-mil-kcal\/","title":{"rendered":"Chiller Mecalor 60 mil kcal"},"content":{"rendered":"<p>CHILLER GELADEIRA FUNCIONANDO<\/p>\n<p>Modelo : TMC-A-F-60\/RI-220\/T<\/p>\n<p>Capacidade nonimal : 60.000 kcal<\/p>\n<p>Vaz\u00e3o requerida : 25.000 m\u00b3\/h<\/p>\n<p>Alimenta\u00e7\u00e3o : 220 Trif\u00e1sico<\/p>\n<p>Pot\u00eancia total : 36.7 kw<\/p>\n<p>Corrente nominal : 96.4 A<\/p>\n<p>Refrigerante : R-22\/8.5 KG.CIR<\/p>\n<p>Condensa\u00e7\u00e3o : ar ambiente<\/p>\n","protected":false},"excerpt":{"rendered":"<p>CHILLER GELADEIRA FUNCIONANDO Modelo : TMC-A-F-60\/RI-220\/T Capacidade nonimal : 60.000 kcal Vaz\u00e3o requerida : 25.000 m\u00b3\/h Alimenta\u00e7\u00e3o : 220 Trif\u00e1sico Pot\u00eancia total : 36.7 kw Corrente nominal : 96.4 A Refrigerante : R-22\/8.5 KG.CIR Condensa\u00e7\u00e3o : ar ambiente<\/p>\n","protected":false},"featured_media":3897,"comment_status":"open","ping_status":"closed","template":"","meta":{"site-sidebar-layout":"default","site-content-layout":"default","ast-global-header-display":"","ast-main-header-display":"","ast-hfb-above-header-display":"","ast-hfb-below-header-display":"","ast-hfb-mobile-header-display":"","site-post-title":"","ast-breadcrumbs-content":"","ast-featured-img":"","footer-sml-layout":"","theme-transparent-header-meta":"default","adv-header-id-meta":"","stick-header-meta":"","header-above-stick-meta":"","header-main-stick-meta":"","header-below-stick-meta":""},"product_cat":[50],"product_tag":[],"class_list":["post-3896","product","type-product","status-publish","has-post-thumbnail","hentry","product_cat-maquinas-diversas","desktop-align-left","tablet-align-left","mobile-align-left"],"_links":{"self":[{"href":"https:\/\/guarumaquinas.com.br\/index.php\/wp-json\/wp\/v2\/product\/3896","targetHints":{"allow":["GET"]}}],"collection":[{"href":"https:\/\/guarumaquinas.com.br\/index.php\/wp-json\/wp\/v2\/product"}],"about":[{"href":"https:\/\/guarumaquinas.com.br\/index.php\/wp-json\/wp\/v2\/types\/product"}],"replies":[{"embeddable":true,"href":"https:\/\/guarumaquinas.com.br\/index.php\/wp-json\/wp\/v2\/comments?post=3896"}],"wp:featuredmedia":[{"embeddable":true,"href":"https:\/\/guarumaquinas.com.br\/index.php\/wp-json\/wp\/v2\/media\/3897"}],"wp:attachment":[{"href":"https:\/\/guarumaquinas.com.br\/index.php\/wp-json\/wp\/v2\/media?parent=3896"}],"wp:term":[{"taxonomy":"product_cat","embeddable":true,"href":"https:\/\/guarumaquinas.com.br\/index.php\/wp-json\/wp\/v2\/product_cat?post=3896"},{"taxonomy":"product_tag","embeddable":true,"href":"https:\/\/guarumaquinas.com.br\/index.php\/wp-json\/wp\/v2\/product_tag?post=3896"}],"curies":[{"name":"wp","href":"https:\/\/api.w.org\/{rel}","templated":true}]}}